{"id":4747,"date":"2020-02-07T10:51:53","date_gmt":"2020-02-07T10:51:53","guid":{"rendered":"http:\/\/gradocau.umh.es\/?page_id=4747"},"modified":"2020-09-18T06:04:48","modified_gmt":"2020-09-18T06:04:48","slug":"tutor-fin-de-estudios","status":"publish","type":"page","link":"https:\/\/gradocau.umh.es\/ca\/estudiantado\/tutor-fin-de-estudios\/","title":{"rendered":"Tutor Fin de Estudios"},"content":{"rendered":"<p>Hemos creado la figura del TUTOR FIN DE ESTUDIOS para la tutela personalizada de aquellos estudiantes que est\u00e9n finalizando sus estudios y tengan dificultades en la superaci\u00f3n de alguna asignatura del grado.<\/p>\n<p>Estaremos a disposici\u00f3n de los alumnos del \u00faltimo curso, y especialmente de aquellos de promociones anteriores que no hayan llegado a graduarse por falta de alguna asignatura o algunos cr\u00e9ditos.<\/p>\n<p>Nuestro horario de atenci\u00f3n se desarrollar\u00e1 durante el curso 2019-2020 los mi\u00e9rcoles, desde las 10:00 hasta las 13:00 h, en el despacho\u00a0n\u00ba 37 del Edificio Torrepinet (Vicente J. P\u00e9rez)<\/p>\n<p>Email de contacto: vperez@umh.es<\/p>\n","protected":false},"excerpt":{"rendered":"<p>Hemos creado la figura del TUTOR FIN DE ESTUDIOS para la tutela personalizada de aquellos estudiantes que est\u00e9n finalizando sus estudios y tengan dificultades en la superaci\u00f3n de alguna asignatura del grado. Estaremos a disposici\u00f3n de los alumnos del \u00faltimo curso, y especialmente de aquellos de promociones anteriores que no hayan llegado a graduarse por [&hellip;]<\/p>\n","protected":false},"author":1724,"featured_media":0,"parent":281,"menu_order":30,"comment_status":"closed","ping_status":"closed","template":"","meta":{"_links_to":"","_links_to_target":""},"_links":{"self":[{"href":"https:\/\/gradocau.umh.es\/ca\/wp-json\/wp\/v2\/pages\/4747"}],"collection":[{"href":"https:\/\/gradocau.umh.es\/ca\/wp-json\/wp\/v2\/pages"}],"about":[{"href":"https:\/\/gradocau.umh.es\/ca\/wp-json\/wp\/v2\/types\/page"}],"author":[{"embeddable":true,"href":"https:\/\/gradocau.umh.es\/ca\/wp-json\/wp\/v2\/users\/1724"}],"replies":[{"embeddable":true,"href":"https:\/\/gradocau.umh.es\/ca\/wp-json\/wp\/v2\/comments?post=4747"}],"version-history":[{"count":0,"href":"https:\/\/gradocau.umh.es\/ca\/wp-json\/wp\/v2\/pages\/4747\/revisions"}],"up":[{"embeddable":true,"href":"https:\/\/gradocau.umh.es\/ca\/wp-json\/wp\/v2\/pages\/281"}],"wp:attachment":[{"href":"https:\/\/gradocau.umh.es\/ca\/wp-json\/wp\/v2\/media?parent=4747"}],"curies":[{"name":"wp","href":"https:\/\/api.w.org\/{rel}","templated":true}]}}

<p>Hemos creado la figura del TUTOR FIN DE ESTUDIOS para la tutela personalizada de aquellos estudiantes que estén finalizando sus estudios y tengan dificultades en la superación de alguna asignatura del grado.</p>
<p>Estaremos a disposición de los alumnos del último curso, y especialmente de aquellos de promociones anteriores que no hayan llegado a graduarse por falta de alguna asignatura o algunos créditos.</p>
<p>Nuestro horario de atención se desarrollará durante el curso 2019-2020 los miércoles, desde las 10:00 hasta las 13:00 h, en el despacho nº 37 del Edificio Torrepinet (Vicente J. Pérez)</p>
<p>Email de contacto: vperez@umh.es</p>

<p>Hemos creado la figura del TUTOR FIN DE ESTUDIOS para la tutela personalizada de aquellos estudiantes que estén finalizando sus estudios y tengan dificultades en la superación de alguna asignatura del grado. Estaremos a disposición de los alumnos del último curso, y especialmente de aquellos de promociones anteriores que no hayan llegado a graduarse por [&hellip;]</p>
