{"id":4316,"date":"2019-10-21T08:39:08","date_gmt":"2019-10-21T08:39:08","guid":{"rendered":"http:\/\/gradocau.umh.es\/?page_id=4316"},"modified":"2020-09-18T06:09:17","modified_gmt":"2020-09-18T06:09:17","slug":"jornada-de-empleo-cau","status":"publish","type":"page","link":"https:\/\/gradocau.umh.es\/ca\/estudiantado\/actividades-y-proyectos-cau\/jornada-de-empleo-cau\/","title":{"rendered":"Jornada de Empleo CAU"},"content":{"rendered":"<div class=\"col-lg-12\">\n<h4><strong>Informaci\u00f3n general:<\/strong><\/h4>\n<p>La Jornada de Empleo de la titulaci\u00f3n de Comunicaci\u00f3n Audiovisual, est\u00e1 organizada por el Vicedecanato del Grado y por Observatorio Ocupacional de la Universidad Miguel Hern\u00e1ndez. Esta actividad se programa dentro del 2\u00ba cuatrimestre.<\/p>\n<p>&nbsp;<\/p>\n<p><strong>El programa de la Jornada consta de dos partes:<\/strong><\/p>\n<ul>\n<li><strong>Ponencias<\/strong> dirigidas a estudiantes de 3er y 4\u00ba curso de CAU, en las que se plantean contenidos profesionales relacionados con el Grado.<\/li>\n<li><strong>Taller<\/strong> del Observatorio Ocupacional (para estudiantes de 4\u00ba curso), donde se imparten estrategias para la mejora del nivel de empleabilidad, y se muestran elementos clave para preparar una buena autocandidatura, de cara a la pr\u00f3xima salida al mercado laboral.<\/li>\n<\/ul>\n<p>&nbsp;<\/p>\n<h4><strong>Objetivos de la Jornada:<\/strong><\/h4>\n<ul>\n<li><strong>Ampliar<\/strong> los contenidos transversales del Grado en Comunicaci\u00f3n audiovisual.<\/li>\n<li><strong>Crear<\/strong> un contacto directo con profesionales del sector audiovisual.<\/li>\n<li><strong>Informar<\/strong> sobre recursos y estrategias de empleabilidad.<\/li>\n<li><strong>Potenciar<\/strong> la proyecci\u00f3n profesional del alumnado a trav\u00e9s de su perfil curricular.<\/li>\n<\/ul>\n<p>&nbsp;<\/p>\n<h4><strong>Reconocimiento de cr\u00e9ditos:<\/strong><\/h4>\n<p>Las jornadas tienen una duraci\u00f3n total de 12,5 horas (8 presenciales y 4,5 de reflexi\u00f3n, aplicaci\u00f3n y trabajo aut\u00f3nomo) equivalentes a 0,5 cr\u00e9ditos. El\/la estudiante obtendr\u00e1 un certificado de asistencia y aprovechamiento del Observatorio Ocupacional si cumple una asistencia al 80% de las sesiones presenciales. El\/la estudiante podr\u00e1 convalidar dicho certificado con los cr\u00e9ditos obtenidos por cr\u00e9ditos de competencias transversales y profesionales del Grado.<\/p>\n<p>&nbsp;<\/p>\n<h4><strong>Inscripci\u00f3n:<\/strong><\/h4>\n<p>La inscripci\u00f3n es gratuita.\u00a0Entra en\u00a0<a href=\"http:\/\/observatorio.umh.es\/cursos-y-jornadas\/cursos-y-jornadas\/\" target=\"_blank\">http:\/\/observatorio.umh.es\/cursos-y-jornadas\/cursos-y-jornadas\/<\/a>; bot\u00f3n\u00a0\u201cCursos y jornadas\u201d; selecciona tu perfil como estudiante de t\u00edtulos oficiales de la UMH; Jornadas \u00a0UMH e inscr\u00edbete.<\/p>\n<\/div>\n<p>&nbsp;<\/p>\n","protected":false},"excerpt":{"rendered":"<p>Informaci\u00f3n general: La Jornada de Empleo de la titulaci\u00f3n de Comunicaci\u00f3n Audiovisual, est\u00e1 organizada por el Vicedecanato del Grado y por Observatorio Ocupacional de la Universidad Miguel Hern\u00e1ndez. Esta actividad se programa dentro del 2\u00ba cuatrimestre. &nbsp; El programa de la Jornada consta de dos partes: Ponencias dirigidas a estudiantes de 3er y 4\u00ba curso [&hellip;]<\/p>\n","protected":false},"author":1724,"featured_media":0,"parent":4112,"menu_order":5,"comment_status":"closed","ping_status":"closed","template":"","meta":{"_links_to":"","_links_to_target":""},"_links":{"self":[{"href":"https:\/\/gradocau.umh.es\/ca\/wp-json\/wp\/v2\/pages\/4316"}],"collection":[{"href":"https:\/\/gradocau.umh.es\/ca\/wp-json\/wp\/v2\/pages"}],"about":[{"href":"https:\/\/gradocau.umh.es\/ca\/wp-json\/wp\/v2\/types\/page"}],"author":[{"embeddable":true,"href":"https:\/\/gradocau.umh.es\/ca\/wp-json\/wp\/v2\/users\/1724"}],"replies":[{"embeddable":true,"href":"https:\/\/gradocau.umh.es\/ca\/wp-json\/wp\/v2\/comments?post=4316"}],"version-history":[{"count":0,"href":"https:\/\/gradocau.umh.es\/ca\/wp-json\/wp\/v2\/pages\/4316\/revisions"}],"up":[{"embeddable":true,"href":"https:\/\/gradocau.umh.es\/ca\/wp-json\/wp\/v2\/pages\/4112"}],"wp:attachment":[{"href":"https:\/\/gradocau.umh.es\/ca\/wp-json\/wp\/v2\/media?parent=4316"}],"curies":[{"name":"wp","href":"https:\/\/api.w.org\/{rel}","templated":true}]}}

<div class="col-lg-12">
<h4><strong>Información general:</strong></h4>
<p>La Jornada de Empleo de la titulación de Comunicación Audiovisual, está organizada por el Vicedecanato del Grado y por Observatorio Ocupacional de la Universidad Miguel Hernández. Esta actividad se programa dentro del 2º cuatrimestre.</p>
<p>&nbsp;</p>
<p><strong>El programa de la Jornada consta de dos partes:</strong></p>
<ul>
<li><strong>Ponencias</strong> dirigidas a estudiantes de 3er y 4º curso de CAU, en las que se plantean contenidos profesionales relacionados con el Grado.</li>
<li><strong>Taller</strong> del Observatorio Ocupacional (para estudiantes de 4º curso), donde se imparten estrategias para la mejora del nivel de empleabilidad, y se muestran elementos clave para preparar una buena autocandidatura, de cara a la próxima salida al mercado laboral.</li>
</ul>
<p>&nbsp;</p>
<h4><strong>Objetivos de la Jornada:</strong></h4>
<ul>
<li><strong>Ampliar</strong> los contenidos transversales del Grado en Comunicación audiovisual.</li>
<li><strong>Crear</strong> un contacto directo con profesionales del sector audiovisual.</li>
<li><strong>Informar</strong> sobre recursos y estrategias de empleabilidad.</li>
<li><strong>Potenciar</strong> la proyección profesional del alumnado a través de su perfil curricular.</li>
</ul>
<p>&nbsp;</p>
<h4><strong>Reconocimiento de créditos:</strong></h4>
<p>Las jornadas tienen una duración total de 12,5 horas (8 presenciales y 4,5 de reflexión, aplicación y trabajo autónomo) equivalentes a 0,5 créditos. El/la estudiante obtendrá un certificado de asistencia y aprovechamiento del Observatorio Ocupacional si cumple una asistencia al 80% de las sesiones presenciales. El/la estudiante podrá convalidar dicho certificado con los créditos obtenidos por créditos de competencias transversales y profesionales del Grado.</p>
<p>&nbsp;</p>
<h4><strong>Inscripción:</strong></h4>
<p>La inscripción es gratuita. Entra en <a href="http://observatorio.umh.es/cursos-y-jornadas/cursos-y-jornadas/" target="_blank">http://observatorio.umh.es/cursos-y-jornadas/cursos-y-jornadas/</a>; botón “Cursos y jornadas”; selecciona tu perfil como estudiante de títulos oficiales de la UMH; Jornadas  UMH e inscríbete.</p>
</div>
<p>&nbsp;</p>

<p>Información general: La Jornada de Empleo de la titulación de Comunicación Audiovisual, está organizada por el Vicedecanato del Grado y por Observatorio Ocupacional de la Universidad Miguel Hernández. Esta actividad se programa dentro del 2º cuatrimestre. &nbsp; El programa de la Jornada consta de dos partes: Ponencias dirigidas a estudiantes de 3er y 4º curso [&hellip;]</p>
